 of c and 14.
7
Suppose 3 = 5*o + 4*k, -4*o + 2*k = -4 - 14. Suppose 76 = o*z + 4*t, 3*t - t + 12 = z. Calculate the highest common factor of z and 20.
20
Let l(d) = -62*d + 1. Let t be l(-1). Calculate the highest common factor of 9 and t.
9
Suppose -5*p = -w - 21, 3*p = w + 5 + 6. Suppose -35 = -p*h + 90. Let a(c) = -2*c - 7. Let u be a(-6). Calculate the highest common factor of u and h.
5
Let h = -8 + 15. Let l be (6/(-1 - -2))/2. Let d = h - l. Calculate the greatest common factor of d and 20.
4
Let a be (-2)/(2/(-69)) + -1. Let i be (-636)/(-36) - (-2)/(-3). Calculate the greatest common factor of a and i.
17
Suppose 0 = -z + 3, 3*z - 592 = -4*w - z. What is the highest common divisor of w and 29?
29
Let q(y) be the second derivative of -y**3/6 - 3*y**2 + 2*y. Let s be q(-6). Suppose p + s*p = 4. Calculate the highest common factor of p and 10.
2
Suppose 5*u = 118 + 32. Let n be (-2 - 1)/(1/(-5)). What is the greatest common divisor of u and n?
15
Let r(i) = -3 - 2*i**2 + 3*i**2 + 1. Let a be r(6). Let l(k) = -k**3 + 14*k**2 - 11*k + 25. Let u be l(13). Calculate the highest common factor of a and u.
17
Suppose -2*j = -5*j - 15, j - 12 = -p. Let a(g) = -8*g + 23. Let d be a(-12). Calculate the greatest common factor of d and p.
17
Let m(v) be the third derivative of v**4/8 - 3*v**3/2 + 4*v**2. Let b be m(7). Calculate the highest common factor of 3 and b.
3
Let p be (-2 - 15/(-10))*-30. What is the highest common divisor of p and 40?
5
Suppose -3*h + 2*h + 9 = 0. Let n = 63 - h. Let l be n/4*120/9. Calculate the greatest common factor of 20 and l.
20
Suppose 336 = -6*y + 20*y. Let g be 6/9 + (-20)/(-6). Suppose -118 = -2*a + 2*o, -99 = -4*a - g*o + 145. Calculate the greatest common factor of y and a.
12
Suppose -5*g - r - 3*r + 303 = 0, -4*r = 3*g - 177. Suppose -n + 4*n = 3, 2*n = o - 2. Suppose o*t - 2 = 26. What is the highest common divisor of t and g?
7
Let u be (6/(-8))/(486/(-96) - -5). Let j be (-38)/(-14) - 4/(-14). Let f be (j - -1)/2*6. Calculate the highest common factor of f and u.
12
Let z be (-180)/1*(-3)/6. Suppose 287 - 74 = 3*f. Let l = f - 35. What is the greatest common factor of l and z?
18
Suppose -2*x + 3*g + 16 = -2, 0 = 3*x + 4*g - 10. Let d be (-3)/x*4*-22. Calculate the greatest common divisor of d and 4.
4
Suppose 0 = -5*p - 3 + 38. Let j = p - 0. Calculate the highest common divisor of 77 and j.
7
Let o = -5 - -7. Let r(s) = 2*s**2 + 2*s. Let y be r(o). What is the greatest common divisor of y and 108?
12
Let a(r) be the third derivative of 23*r**4/12 - r**3/6 - r**2. Let d be a(1). What is the greatest common factor of 15 and d?
15
Suppose 0 = -4*u + 2*z - 168, 4*z = 5*u + 218 - 8. Let v = 34 - u. Let w = -226 - -245. What is the greatest common factor of v and w?
19
Suppose 5*m = 4*m + 15. Suppose -8 = -7*n + 3*n. Suppose 0 = -n*u, 5*u + 330 = 2*x - 0*u. Calculate the highest common factor of x and m.
15
Suppose 12 = -4*c - 36. Let v = c - -22. Let w be (-2 + 0)/(2/(-25)). What is the greatest common factor of v and w?
5
Suppose 26 = 8*s - 38. Calculate the greatest common divisor of s and 56.
8
Let r = 51 - 29. Calculate the greatest common factor of 22 and r.
22
Suppose 0 = 3*v - 36 - 3. What is the highest common divisor of v and 13?
13
Let g(t) = t**3 - 6*t**2 + 6*t - 2. Let m be g(5). Suppose 39 + 15 = -3*y. Let d = 42 + y. Calculate the greatest common factor of m and d.
3
Let u(i) = -i**3 + 4*i**2 + i - 2. Let y be u(2). Let n be (8/5)/(2/40). Calculate the greatest common factor of n and y.
8
Let u(f) = f**2 - 2*f - 1. Let j be u(-1). Let d be 6/12*56/j. What is the greatest common divisor of 154 and d?
14
Suppose 2*l - 35 = -2*l - 5*a, 4*l + 4*a = 32. Suppose 3*p - 4 = l. What is the greatest common divisor of 21 and p?
3
Let f = 30 + -17. Let b(h) = 7*h**2 - 4*h - 2. Let q be b(-3). Suppose -5*z + q - f = 0. Calculate the highest common divisor of z and 132.
12
Let f(b) = -29*b + 3. Let m be f(-1). What is the greatest common factor of m and 352?
32
Let j be 1 + -2 + 44 + 2. Let k = -16 - -10. Let n = 9 - k. Calculate the greatest common factor of j and n.
15
Suppose -18 = -2*j - 0*j. Let x = 12 + -15. Let p(k) = -k**2 - 5*k + 3. Let m be p(x). Calculate the greatest common factor of j and m.
9
Let y(p) = 8*p - 2. Let z be y(-3). Let j = 36 + z. What is the highest common divisor of 4 and j?
2
Let y be 11/3 + 4/(-6). Suppose z + y*g = -5, -g + 3*g - 14 = -5*z. Let c be (-2 + 1)*-4*1. What is the greatest common factor of c and z?
4
Let k be 540/(-50) + (-2)/10. Let j(q) = -q**2 - 13*q - 12. Let d be j(k). Let a = 5 + 0. Calculate the highest common divisor of a and d.
5
Let k(d) = d**2 - 5*d + 4. Let h be k(6). What is the greatest common divisor of 40 and h?
10
Let v be 0 - 3*-1 - 0. Let z be -96 - (v + 2 + -4). Let p = 74 - z. Calculate the greatest common divisor of 19 and p.
19
Suppose 35 = 2*g + w, 5*g + 3*w - 31 = 56. Let u be (-483)/(-9) + 2/6. Calculate the highest common divisor of g and u.
18
Let q(o) = -o**3 + 5*o**2 + 9*o + 7. Let z be q(5). What is the greatest common factor of 39 and z?
13
Let b(h) = 2*h**2 - 2*h - 4. Let s be b(-3). Let r be -40*(4 + -9)/5. What is the greatest common factor of s and r?
20
Suppose 37 = 2*v - 43. Let i = v - -68. Let c = -48 + i. Calculate the highest common factor of c and 24.
12
Let p be 10/(-2) - (-4 + -8). Calculate the greatest common divisor of p and 7.
7
Let h be (-9)/(2/3 + -1). Calculate the highest common divisor of h and 108.
27
Suppose 2*p = -p + 2*k - 7, -p = -k + 3. Let g be (-4)/(3/9 + p). Suppose 3*n = -3, -9 = -5*a + 2*n - 3*n. What is the greatest common factor of a and g?
2
Let n = 30 + -24. What is the greatest common factor of 3 and n?
3
Suppose 20 = 2*o - 4*j, -2*o - 35*j + 23 = -38*j. Let b(w) = 33*w**2 + 2*w. Let t be b(-2). Calculate the highest common factor of t and o.
16
Let t(z) = z**3 + 4*z**2 - 2*z - 6. Let w be t(-4). Let q = 0 - 2. Let p be -3 - q - (w + -4). What is the highest common factor of 7 and p?
1
Let d(v) be the second derivative of v**4/12 - v**3/3 + 7*v**2/2 - 5*v. Let m be d(9). Calculate the highest common factor of m and 7.
7
Let o(s) be the second derivative of -s**4/12 - 5*s**3/3 - 6*s**2 - 7*s. Let y be o(-6). Calculate the greatest common factor of y and 12.
12
Let u(y) = -y + 9. Let w be u(-10). Suppose -w - 5 = -3*l. What is the greatest common divisor of 4 and l?
4
Let h(f) = -4*f**3 - 3*f**2 - f - 3. Let c be h(-2). Calculate the greatest common factor of c and 95.
19
Suppose h + h + 4*b = 16, -4 = -3*h - b. Suppose h = 4*m + m - 385. Calculate the greatest common factor of m and 11.
11
Let q = 56 - 30. Let o = 96 - q. Let u(m) = m**3 - 4*m**2 + 3*m + 2. Let h be u(4). Calculate the greatest common divisor of h and o.
14
Let w(o) = -o + 7. Let h be w(5). Suppose 6*k - 200 = h*k. What is the highest common divisor of k and 25?
25
Let x(j) = -j + 1. Let d be x(-4). Suppose -59 = -d*y - 9. What is the greatest common divisor of y and 25?
5
Let o be (-8)/92 + (-4616)/(-184). Suppose 3*w + 0 - 15 = 0. What is the highest common factor of o and w?
5
Let c(z) = -z**3 + z**2 + z + 4. Let q be c(0). Suppose q*i - 2*i = 34. Calculate the greatest common factor of i and 153.
17
Suppose -4*t + 14 - 6 = 0, -4*t + 108 = 5*c. What is the greatest common divisor of 20 and c?
20
Let k(z) = 3*z**2 + 1. Let h be k(-5). Suppose -3*l + 19 = -2*f + 95, 3*f - h = -5*l. Let v be -4*3*6/(-9). Calculate the greatest common divisor of v and f.
8
Let c(t) = 2*t. Let z(i) = -i + 1. Let x(j) = -c(j) - 6*z(j). Let w be x(6). Calculate the highest common factor of w and 126.
18
Let k be 20/(-2)*(-2)/4. Suppose -2*i + 4 = 0, -2*n + 3*i - 5*i - 26 = 0. Let b = k - n. Calculate the highest common divisor of 5 and b.
5
Let d(t) = t**2 + 8*t - 9. Let k be d(-9). Suppose k*l + 24 = 2*l. What is the highest common divisor of 48 and l?
12
Let d = 18 + -16. Let t = 10 - d. Calculate the greatest common factor of t and 12.
4
Suppose -6*l = -l - 30. Let n = 3 - 0. Suppose 2*k = -5*v, -4*v + 16 - n = -k. What is the greatest common divisor of l and v?
2
Suppose 13*z - 134 = 152. Calculate the highest common divisor of z and 77.
11
Suppose -4*y - 99 = -7*y. What is the greatest common factor of y and 3?
3
Suppose 11 = -2*y + 41. What